{"id":27,"date":"2013-02-13T16:38:19","date_gmt":"2013-02-13T14:38:19","guid":{"rendered":"http:\/\/www.buettcher.de\/wp\/?page_id=27"},"modified":"2013-02-13T16:38:19","modified_gmt":"2013-02-13T14:38:19","slug":"integrierte-versorgung","status":"publish","type":"page","link":"http:\/\/www.buettcher.de\/?page_id=27","title":{"rendered":"Integrierte Versorgung"},"content":{"rendered":"<p>Die Integrierte Versorgung entspricht einer ambulanten Rehabilitation, bei der die Physiotherapie und die\u00a0medizinische Trainingstherapie\u00a0im Vordergrund steht. Die Menge der einzelnen Therapieeinheiten bei 2-5 mal die Woche, abh\u00e4ngig von den Vorgaben der einzelnen Krankenkassen.<\/p>\n<p>Die Integrierte Versorgung verfolgt\u00a0hierbei einen ganzheitlichen Therapieansatz, bei dem der Patient im Mittelpunkt steht und die Therapie auf die individuellen Bed\u00fcrfnisse der Patienten zugeschnitten\u00a0ist. Ziel der Reha ist\u00a0dabei die m\u00f6glichst dauerhafte R\u00fcckgewinnung der Erwerbskraft bei maximaler Lebensqualit\u00e4t.<\/p>\n<p>Da diese Leistungen nicht von allen gesetzlichen Krankenversicherungen angeboten werden, fragen Sie bitte bei Ihrer Krankenkasse nach oder wenden Sie sich an uns.<\/p>\n<p>Privatkassen \u00fcbernehmen in der Regel die erweiterte ambulante Physiotherapie.<\/p>\n","protected":false},"excerpt":{"rendered":"<p>Die Integrierte Versorgung entspricht einer ambulanten Rehabilitation, bei der die Physiotherapie und die\u00a0medizinische Trainingstherapie\u00a0im Vordergrund steht. Die Menge der einzelnen Therapieeinheiten bei 2-5 mal die Woche, abh\u00e4ngig von den Vorgaben der einzelnen Krankenkassen. Die Integrierte Versorgung verfolgt\u00a0hierbei einen ganzheitlichen Therapieansatz, bei dem der Patient im Mittelpunkt steht und die Therapie auf die individuellen Bed\u00fcrfnisse der [&hellip;]<\/p>\n","protected":false},"author":1,"featured_media":0,"parent":0,"menu_order":0,"comment_status":"closed","ping_status":"closed","template":"","meta":[],"_links":{"self":[{"href":"http:\/\/www.buettcher.de\/index.php?rest_route=\/wp\/v2\/pages\/27"}],"collection":[{"href":"http:\/\/www.buettcher.de\/index.php?rest_route=\/wp\/v2\/pages"}],"about":[{"href":"http:\/\/www.buettcher.de\/index.php?rest_route=\/wp\/v2\/types\/page"}],"author":[{"embeddable":true,"href":"http:\/\/www.buettcher.de\/index.php?rest_route=\/wp\/v2\/users\/1"}],"replies":[{"embeddable":true,"href":"http:\/\/www.buettcher.de\/index.php?rest_route=%2Fwp%2Fv2%2Fcomments&post=27"}],"version-history":[{"count":2,"href":"http:\/\/www.buettcher.de\/index.php?rest_route=\/wp\/v2\/pages\/27\/revisions"}],"predecessor-version":[{"id":285,"href":"http:\/\/www.buettcher.de\/index.php?rest_route=\/wp\/v2\/pages\/27\/revisions\/285"}],"wp:attachment":[{"href":"http:\/\/www.buettcher.de\/index.php?rest_route=%2Fwp%2Fv2%2Fmedia&parent=27"}],"curies":[{"name":"wp","href":"https:\/\/api.w.org\/{rel}","templated":true}]}}

<p>Die Integrierte Versorgung entspricht einer ambulanten Rehabilitation, bei der die Physiotherapie und die medizinische Trainingstherapie im Vordergrund steht. Die Menge der einzelnen Therapieeinheiten bei 2-5 mal die Woche, abhängig von den Vorgaben der einzelnen Krankenkassen.</p>
<p>Die Integrierte Versorgung verfolgt hierbei einen ganzheitlichen Therapieansatz, bei dem der Patient im Mittelpunkt steht und die Therapie auf die individuellen Bedürfnisse der Patienten zugeschnitten ist. Ziel der Reha ist dabei die möglichst dauerhafte Rückgewinnung der Erwerbskraft bei maximaler Lebensqualität.</p>
<p>Da diese Leistungen nicht von allen gesetzlichen Krankenversicherungen angeboten werden, fragen Sie bitte bei Ihrer Krankenkasse nach oder wenden Sie sich an uns.</p>
<p>Privatkassen übernehmen in der Regel die erweiterte ambulante Physiotherapie.</p>

<p>Die Integrierte Versorgung entspricht einer ambulanten Rehabilitation, bei der die Physiotherapie und die medizinische Trainingstherapie im Vordergrund steht. Die Menge der einzelnen Therapieeinheiten bei 2-5 mal die Woche, abhängig von den Vorgaben der einzelnen Krankenkassen. Die Integrierte Versorgung verfolgt hierbei einen ganzheitlichen Therapieansatz, bei dem der Patient im Mittelpunkt steht und die Therapie auf die individuellen Bedürfnisse der [&hellip;]</p>
