{"id":62,"date":"2013-02-13T16:38:39","date_gmt":"2013-02-13T14:38:39","guid":{"rendered":"http:\/\/www.buettcher.de\/wp\/?page_id=62"},"modified":"2013-02-13T16:38:39","modified_gmt":"2013-02-13T14:38:39","slug":"korperanalyse","status":"publish","type":"page","link":"http:\/\/www.buettcher.de\/?page_id=62","title":{"rendered":"K\u00f6rperanalyse"},"content":{"rendered":"<h2>Professionelle Messung der K\u00f6rperzusammensetzung &#8211; Basis f\u00fcr fundierte Beratung<\/h2>\n<p><i>&#8222;Die Beweise sind erdr\u00fcckend, dass Adipositas, also die \u00fcberm\u00e4\u00dfige Einlagerung von Fett, die Gesundheit und Lebensdauer erheblich beeintr\u00e4chtigt&#8220;<\/i><\/p>\n<p><b>K\u00f6rperanalyse<\/b> ist der Schl\u00fcssel zur korrekten und umfassenden Kontrolle eines effektiven Gewichts- und Ern\u00e4hrungsmanagement-Programms. Hierdurch wird eine fundierte und erfolgsorientierte Beratung erm\u00f6glicht.<\/p>\n<p>Die K\u00f6rperzusammensetzung hat einen direkten Einfluss auf die Gesundheit, sportliche Leistungsf\u00e4higkeit und die Lebenserwartung eines Menschen.<\/p>\n<p>Die regelm\u00e4\u00dfige Messung des K\u00f6rperfettanteils ist eine effiziente Methode zur ergebnisorientierten Bewertung von Ern\u00e4hrungs- und Bewegungsprogrammen.<\/p>\n<p>Die patentierte Nah-Infrarotlicht-Technologie erm\u00f6glicht h\u00f6chste Genauigkeit und Reproduzierbarkeit der Messergebnisse.<\/p>\n<p>&nbsp;<\/p>\n<p>&nbsp;<\/p>\n","protected":false},"excerpt":{"rendered":"<p>Professionelle Messung der K\u00f6rperzusammensetzung &#8211; Basis f\u00fcr fundierte Beratung &#8222;Die Beweise sind erdr\u00fcckend, dass Adipositas, also die \u00fcberm\u00e4\u00dfige Einlagerung von Fett, die Gesundheit und Lebensdauer erheblich beeintr\u00e4chtigt&#8220; K\u00f6rperanalyse ist der Schl\u00fcssel zur korrekten und umfassenden Kontrolle eines effektiven Gewichts- und Ern\u00e4hrungsmanagement-Programms. Hierdurch wird eine fundierte und erfolgsorientierte Beratung erm\u00f6glicht. Die K\u00f6rperzusammensetzung hat einen direkten Einfluss [&hellip;]<\/p>\n","protected":false},"author":1,"featured_media":0,"parent":0,"menu_order":0,"comment_status":"closed","ping_status":"closed","template":"","meta":[],"_links":{"self":[{"href":"http:\/\/www.buettcher.de\/index.php?rest_route=\/wp\/v2\/pages\/62"}],"collection":[{"href":"http:\/\/www.buettcher.de\/index.php?rest_route=\/wp\/v2\/pages"}],"about":[{"href":"http:\/\/www.buettcher.de\/index.php?rest_route=\/wp\/v2\/types\/page"}],"author":[{"embeddable":true,"href":"http:\/\/www.buettcher.de\/index.php?rest_route=\/wp\/v2\/users\/1"}],"replies":[{"embeddable":true,"href":"http:\/\/www.buettcher.de\/index.php?rest_route=%2Fwp%2Fv2%2Fcomments&post=62"}],"version-history":[{"count":2,"href":"http:\/\/www.buettcher.de\/index.php?rest_route=\/wp\/v2\/pages\/62\/revisions"}],"predecessor-version":[{"id":289,"href":"http:\/\/www.buettcher.de\/index.php?rest_route=\/wp\/v2\/pages\/62\/revisions\/289"}],"wp:attachment":[{"href":"http:\/\/www.buettcher.de\/index.php?rest_route=%2Fwp%2Fv2%2Fmedia&parent=62"}],"curies":[{"name":"wp","href":"https:\/\/api.w.org\/{rel}","templated":true}]}}