{"id":68,"date":"2013-02-13T16:38:19","date_gmt":"2013-02-13T14:38:19","guid":{"rendered":"http:\/\/www.buettcher.de\/wp\/?page_id=68"},"modified":"2013-02-13T16:38:19","modified_gmt":"2013-02-13T14:38:19","slug":"herz-kreislauftraining","status":"publish","type":"page","link":"http:\/\/www.buettcher.de\/?page_id=68","title":{"rendered":"Herz &#8211; Kreislauftraining"},"content":{"rendered":"<h1>Die Pr\u00e4ventionsprogramme der Krankenkassen<\/h1>\n<p>Generell hat jeder Versicherte der Krankenkassen einen Anspruch darauf, bestimmte Angebote und Pr\u00e4ventionsma\u00dfnahmen zur Gesundheitsvorsorge zu nutzen. Dazu geh\u00f6ren neben unterschiedlichen Beratungsangeboten auch eine Vielzahl von Sport- oder Entspannungskursen.<\/p>\n<p>Pr\u00e4ventionsma\u00dfnahmen hat die Aufgabe, Krankheiten vorzubeugen oder bei bestehenden Krankheiten in einem fr\u00fchen Stadium zu intervenieren. Zudem sollen auch Verschlimmerungen und Folgeerkrankungen vorgebeugt werden.<\/p>\n<p>Zu den Leistungen, die von den Krankenkassen (zumindest teilweise) \u00fcbernommen werden, geh\u00f6ren zum Beispiel Gymnastik und R\u00fcckenschule oder die Teilnahme an Sportkursen wie Nordic Walking oder Laufen. Zus\u00e4tzlich gibt es viele Sportangebote f\u00fcr Menschen mit speziellen Erkrankungen wie Diabetes, Lungenerkrankungen, Rheuma, Osteoporose oder Herzerkrankungen. \u00dcbungsleiter mit entsprechender Qualifikation stellen in diesen Kursen ein \u00dcbungsprogramm zusammen, das optimal auf die jeweilige Diagnose abgestimmt ist.<\/p>\n<table width=\"625\" border=\"0\" cellspacing=\"0\" cellpadding=\"0\">\n<tbody>\n<tr>\n<td align=\"left\" valign=\"top\" width=\"70\"><\/td>\n<td align=\"left\" valign=\"top\" width=\"450\"><\/td>\n<\/tr>\n<\/tbody>\n<\/table>\n<address>Seit 2007 sind alle Krankenkassen verpflichtet, pr\u00e4ventive Gesundheitsma\u00dfnahmen zu bezuschussen. Leider ver\u00f6ffentlichen nicht alle Krankenkassen ein spezielles Kursangebot auf der Internetseite. Sollten Sie also keine Informationen im Internet finden, rufen Sie einfach bei Ihrer Krankenkasse an oder lassen Sie sich bei uns beraten!<\/address>\n<h2><\/h2>\n<h2>\nWelche Pr\u00e4ventionsma\u00dfnahmen Krankenkassen zahlen<\/h2>\n<p>Die Krankenkassen geben individuell Auskunft dar\u00fcber, welche Pr\u00e4ventionsma\u00dfnahmen Krankenkassen zahlen, bzw. deren Kosten ganz oder teilweise \u00fcbernommen werden. So \u00fcbernehmen viele Krankenkassen zum Beispiel bis zu 80% der Kosten f\u00fcr die Teilnahme an pr\u00e4ventiven Gesundheitsma\u00dfnahmen. Bei Kindern und Jugendlichen \u00fcbernehmen manche Krankenkassen sogar bis zu 100%. Die Voraussetzung f\u00fcr eine Kosten\u00fcbernahme durch die Krankenkasse ist, neben einer regelm\u00e4\u00dfigen Teilnahme, dass der Kurs von einem qualifizierten \u00dcbungsleiter durchgef\u00fchrt wird. Wer solche Kurse in Ihrer N\u00e4he anbietet, sagt Ihnen Ihre Krankenkasse, die \u00fcber entsprechende Verzeichnisse mit \u00dcbungsleitern und Kursangeboten verf\u00fcgt.<\/p>\n","protected":false},"excerpt":{"rendered":"<p>Die Pr\u00e4ventionsprogramme der Krankenkassen Generell hat jeder Versicherte der Krankenkassen einen Anspruch darauf, bestimmte Angebote und Pr\u00e4ventionsma\u00dfnahmen zur Gesundheitsvorsorge zu nutzen. Dazu geh\u00f6ren neben unterschiedlichen Beratungsangeboten auch eine Vielzahl von Sport- oder Entspannungskursen. Pr\u00e4ventionsma\u00dfnahmen hat die Aufgabe, Krankheiten vorzubeugen oder bei bestehenden Krankheiten in einem fr\u00fchen Stadium zu intervenieren. Zudem sollen auch Verschlimmerungen und Folgeerkrankungen [&hellip;]<\/p>\n","protected":false},"author":1,"featured_media":0,"parent":0,"menu_order":0,"comment_status":"closed","ping_status":"closed","template":"","meta":[],"_links":{"self":[{"href":"http:\/\/www.buettcher.de\/index.php?rest_route=\/wp\/v2\/pages\/68"}],"collection":[{"href":"http:\/\/www.buettcher.de\/index.php?rest_route=\/wp\/v2\/pages"}],"about":[{"href":"http:\/\/www.buettcher.de\/index.php?rest_route=\/wp\/v2\/types\/page"}],"author":[{"embeddable":true,"href":"http:\/\/www.buettcher.de\/index.php?rest_route=\/wp\/v2\/users\/1"}],"replies":[{"embeddable":true,"href":"http:\/\/www.buettcher.de\/index.php?rest_route=%2Fwp%2Fv2%2Fcomments&post=68"}],"version-history":[{"count":2,"href":"http:\/\/www.buettcher.de\/index.php?rest_route=\/wp\/v2\/pages\/68\/revisions"}],"predecessor-version":[{"id":284,"href":"http:\/\/www.buettcher.de\/index.php?rest_route=\/wp\/v2\/pages\/68\/revisions\/284"}],"wp:attachment":[{"href":"http:\/\/www.buettcher.de\/index.php?rest_route=%2Fwp%2Fv2%2Fmedia&parent=68"}],"curies":[{"name":"wp","href":"https:\/\/api.w.org\/{rel}","templated":true}]}}