{"id":78,"date":"2013-02-13T16:38:20","date_gmt":"2013-02-13T14:38:20","guid":{"rendered":"http:\/\/www.buettcher.de\/wp\/?page_id=78"},"modified":"2013-02-13T16:38:20","modified_gmt":"2013-02-13T14:38:20","slug":"kerzenol-massage","status":"publish","type":"page","link":"http:\/\/www.buettcher.de\/?page_id=78","title":{"rendered":"Kerzen\u00f6l Massage"},"content":{"rendered":"<p>Orangen- und Ingwer\u00f6l erw\u00e4rmen die Muskulatur und lockern Verspannungen. Feinstes demeter-Oliven\u00f6l pflegt die Haut und sorgt f\u00fcr ein samtiges\u00a0 Massageerlebnis. Nat\u00fcrliche \u00e4therische \u00d6le verw\u00f6hnen die Sinne und reines demeter-Bienenwachs schenkt der Haut eine wohlig sanfte W\u00e4rmeh\u00fclle. Das warme Aroma\u00f6lwachs l\u00e4sst sich wunderbar einmassieren und Leichtigkeit von Pfefferminz- und Zitronen\u00f6lentspannen und erfrischen m\u00fcde Glieder nach sportlichen H\u00f6chstleistungen und einem anstrengenden Arbeitstag. Es entspannt die Muskulatur, erfrischt die Haut und belebt Geist und Seele. Genie\u00dfen Sie wohltuende W\u00e4rme und schenken Sie Ihrem K\u00f6rper die Pflege reiner Natur. F\u00fcr Erwachsene und Kinder geeignet.<\/p>\n","protected":false},"excerpt":{"rendered":"<p>Orangen- und Ingwer\u00f6l erw\u00e4rmen die Muskulatur und lockern Verspannungen. Feinstes demeter-Oliven\u00f6l pflegt die Haut und sorgt f\u00fcr ein samtiges\u00a0 Massageerlebnis. Nat\u00fcrliche \u00e4therische \u00d6le verw\u00f6hnen die Sinne und reines demeter-Bienenwachs schenkt der Haut eine wohlig sanfte W\u00e4rmeh\u00fclle. Das warme Aroma\u00f6lwachs l\u00e4sst sich wunderbar einmassieren und Leichtigkeit von Pfefferminz- und Zitronen\u00f6lentspannen und erfrischen m\u00fcde Glieder nach sportlichen [&hellip;]<\/p>\n","protected":false},"author":1,"featured_media":0,"parent":0,"menu_order":0,"comment_status":"closed","ping_status":"closed","template":"","meta":[],"_links":{"self":[{"href":"http:\/\/www.buettcher.de\/index.php?rest_route=\/wp\/v2\/pages\/78"}],"collection":[{"href":"http:\/\/www.buettcher.de\/index.php?rest_route=\/wp\/v2\/pages"}],"about":[{"href":"http:\/\/www.buettcher.de\/index.php?rest_route=\/wp\/v2\/types\/page"}],"author":[{"embeddable":true,"href":"http:\/\/www.buettcher.de\/index.php?rest_route=\/wp\/v2\/users\/1"}],"replies":[{"embeddable":true,"href":"http:\/\/www.buettcher.de\/index.php?rest_route=%2Fwp%2Fv2%2Fcomments&post=78"}],"version-history":[{"count":3,"href":"http:\/\/www.buettcher.de\/index.php?rest_route=\/wp\/v2\/pages\/78\/revisions"}],"predecessor-version":[{"id":287,"href":"http:\/\/www.buettcher.de\/index.php?rest_route=\/wp\/v2\/pages\/78\/revisions\/287"}],"wp:attachment":[{"href":"http:\/\/www.buettcher.de\/index.php?rest_route=%2Fwp%2Fv2%2Fmedia&parent=78"}],"curies":[{"name":"wp","href":"https:\/\/api.w.org\/{rel}","templated":true}]}}