{"id":83,"date":"2013-02-13T16:38:40","date_gmt":"2013-02-13T14:38:40","guid":{"rendered":"http:\/\/www.buettcher.de\/wp\/?page_id=83"},"modified":"2013-02-13T16:38:40","modified_gmt":"2013-02-13T14:38:40","slug":"magnetfeldtherapie","status":"publish","type":"page","link":"http:\/\/www.buettcher.de\/?page_id=83","title":{"rendered":"Magnetfeldtherapie"},"content":{"rendered":"<p>Bei der pulsierenden Magnetfeldtherapie wird mit einem elektrischen Ger\u00e4t ein elektromagnetisches Feld um eine zu behandelnde K\u00f6rperstelle aufbaut.<\/p>\n<p>Pulsierende elektromagnetische Felder (PEMF) sollen bei bestimmten Frequenzen den Organismus bioenergetisch beeinflussen und die Durchblutung f\u00f6rdern, um den Zellstoffwechsel anzuregen.<\/p>\n<p>So soll ein potentieller Heilungsprozess beschleunigt werden oder auch eine pr\u00e4ventive Wirkung (z.B. bei Sportlern) erzielt werden.<\/p>\n<h2>Anwendung der Magnetfeldtherapie<\/h2>\n<p>Eingesetzt wird diese Therapieform haupts\u00e4chlich in der Chirurgie und Orthop\u00e4die, zum Beispiel bei Knochenbr\u00fcchen und Arthritis. Aber auch bei Durchblutungsst\u00f6rungen oder Muskelentz\u00fcndungen kann die Magnetfeldtherapie helfen.<\/p>\n<p>Erfahrungsberichte zum Einsatz der Magnetfeldtherapie bei verschiedenen Erkrankungen wie Wirbels\u00e4ulenarthrose, H\u00fcftgelenksarthrose oder generellen H\u00fcftbeschwerden lassen sich im deutschen Arthrose- Forum nachlesen.<\/p>\n<p>Angewendet werden kann die Therapie generell bei jeder Person. Ausgenommen sind jedoch Tr\u00e4ger von Herzschrittmachern oder anderen elektronischen Implantaten. Hier sind Wechselwirkungen mit der Elektronik m\u00f6glich.<\/p>\n","protected":false},"excerpt":{"rendered":"<p>Bei der pulsierenden Magnetfeldtherapie wird mit einem elektrischen Ger\u00e4t ein elektromagnetisches Feld um eine zu behandelnde K\u00f6rperstelle aufbaut. Pulsierende elektromagnetische Felder (PEMF) sollen bei bestimmten Frequenzen den Organismus bioenergetisch beeinflussen und die Durchblutung f\u00f6rdern, um den Zellstoffwechsel anzuregen. So soll ein potentieller Heilungsprozess beschleunigt werden oder auch eine pr\u00e4ventive Wirkung (z.B. bei Sportlern) erzielt werden. [&hellip;]<\/p>\n","protected":false},"author":1,"featured_media":0,"parent":0,"menu_order":0,"comment_status":"closed","ping_status":"closed","template":"","meta":[],"_links":{"self":[{"href":"http:\/\/www.buettcher.de\/index.php?rest_route=\/wp\/v2\/pages\/83"}],"collection":[{"href":"http:\/\/www.buettcher.de\/index.php?rest_route=\/wp\/v2\/pages"}],"about":[{"href":"http:\/\/www.buettcher.de\/index.php?rest_route=\/wp\/v2\/types\/page"}],"author":[{"embeddable":true,"href":"http:\/\/www.buettcher.de\/index.php?rest_route=\/wp\/v2\/users\/1"}],"replies":[{"embeddable":true,"href":"http:\/\/www.buettcher.de\/index.php?rest_route=%2Fwp%2Fv2%2Fcomments&post=83"}],"version-history":[{"count":2,"href":"http:\/\/www.buettcher.de\/index.php?rest_route=\/wp\/v2\/pages\/83\/revisions"}],"predecessor-version":[{"id":292,"href":"http:\/\/www.buettcher.de\/index.php?rest_route=\/wp\/v2\/pages\/83\/revisions\/292"}],"wp:attachment":[{"href":"http:\/\/www.buettcher.de\/index.php?rest_route=%2Fwp%2Fv2%2Fmedia&parent=83"}],"curies":[{"name":"wp","href":"https:\/\/api.w.org\/{rel}","templated":true}]}}