{"id":89,"date":"2013-02-13T16:37:57","date_gmt":"2013-02-13T14:37:57","guid":{"rendered":"http:\/\/www.buettcher.de\/wp\/?page_id=89"},"modified":"2013-02-13T16:38:19","modified_gmt":"2013-02-13T14:38:19","slug":"ambulante-rehabilitation","status":"publish","type":"page","link":"http:\/\/www.buettcher.de\/?page_id=89","title":{"rendered":"Ambulante Rehabilitation"},"content":{"rendered":"<div id=\"center-in\">\n<div id=\"c7\">\n<div>\n<h1>Gesundheitsf\u00f6rderndes Reha- und Aufbautraining mit besonderen Ger\u00e4ten<\/h1>\n<\/div>\n<div>\n<p>Wir bieten Ihnen ein Training, welches genau auf Ihren k\u00f6rperlichen Zustand abgestimmt ist. Dies garantieren unsere medizinischen Reha-Ger\u00e4te, welche nach neuesten wissenschaftlichen Erkenntnissen der Bewegungstherapie entwickelt wurden.<\/p>\n<p>Jedes Trainingsger\u00e4t wird individuell eingestellt: K\u00f6rpergr\u00f6\u00dfe, Arm- und Beinl\u00e4nge, H\u00fcft- und Kniewinkel und die Stellung der Halswirbels\u00e4ule werden f\u00fcr die optimale Ausgangsposition ber\u00fccksichtigt. Unsere Reha-Ger\u00e4te passen sich Ihren Bed\u00fcrfnissen an und nicht umgekehrt. Allein um die Bewegungsm\u00f6glichkeiten des gesamten K\u00f6rpers trainieren zu k\u00f6nnen, stehen\u00a0 8 Reha &#8211; Trainingsger\u00e4te zur Verf\u00fcgung.<\/p>\n<\/div>\n<\/div>\n<div id=\"c8\"><\/div>\n<\/div>\n","protected":false},"excerpt":{"rendered":"<p>Gesundheitsf\u00f6rderndes Reha- und Aufbautraining mit besonderen Ger\u00e4ten Wir bieten Ihnen ein Training, welches genau auf Ihren k\u00f6rperlichen Zustand abgestimmt ist. Dies garantieren unsere medizinischen Reha-Ger\u00e4te, welche nach neuesten wissenschaftlichen Erkenntnissen der Bewegungstherapie entwickelt wurden. Jedes Trainingsger\u00e4t wird individuell eingestellt: K\u00f6rpergr\u00f6\u00dfe, Arm- und Beinl\u00e4nge, H\u00fcft- und Kniewinkel und die Stellung der Halswirbels\u00e4ule werden f\u00fcr die optimale [&hellip;]<\/p>\n","protected":false},"author":1,"featured_media":0,"parent":0,"menu_order":0,"comment_status":"closed","ping_status":"closed","template":"","meta":[],"_links":{"self":[{"href":"http:\/\/www.buettcher.de\/index.php?rest_route=\/wp\/v2\/pages\/89"}],"collection":[{"href":"http:\/\/www.buettcher.de\/index.php?rest_route=\/wp\/v2\/pages"}],"about":[{"href":"http:\/\/www.buettcher.de\/index.php?rest_route=\/wp\/v2\/types\/page"}],"author":[{"embeddable":true,"href":"http:\/\/www.buettcher.de\/index.php?rest_route=\/wp\/v2\/users\/1"}],"replies":[{"embeddable":true,"href":"http:\/\/www.buettcher.de\/index.php?rest_route=%2Fwp%2Fv2%2Fcomments&post=89"}],"version-history":[{"count":6,"href":"http:\/\/www.buettcher.de\/index.php?rest_route=\/wp\/v2\/pages\/89\/revisions"}],"predecessor-version":[{"id":312,"href":"http:\/\/www.buettcher.de\/index.php?rest_route=\/wp\/v2\/pages\/89\/revisions\/312"}],"wp:attachment":[{"href":"http:\/\/www.buettcher.de\/index.php?rest_route=%2Fwp%2Fv2%2Fmedia&parent=89"}],"curies":[{"name":"wp","href":"https:\/\/api.w.org\/{rel}","templated":true}]}}